{"id":114,"date":"2024-05-12T16:47:25","date_gmt":"2024-05-12T16:47:25","guid":{"rendered":"https:\/\/covenantarian.org\/u\/?page_id=114"},"modified":"2024-05-12T16:47:25","modified_gmt":"2024-05-12T16:47:25","slug":"unico-creador","status":"publish","type":"page","link":"https:\/\/covenantarian.org\/u\/oraciones\/unico-creador\/","title":{"rendered":"\u00danico Creador"},"content":{"rendered":"<div class=\"entry\">\n<p>MarYah es el \u00danico Creador.<\/p>\n<p>Eres t\u00fa, MarYah Alaha, solo t\u00fa quien merece la adoraci\u00f3n de toda la creaci\u00f3n.<\/p>\n<p>No hay otro como t\u00fa, MarYah; nadie puede compararse con la grandeza y la gloria de ti, el Creador Eterno.<\/p>\n<p>Tu creaci\u00f3n habla de tu nombre y de tus obras; por esto, nadie puede, en verdad, negar tu existencia. Am\u00e9n.<\/p>\n<\/div>\n","protected":false},"excerpt":{"rendered":"<p>MarYah es el \u00danico Creador. Eres t\u00fa, MarYah Alaha, solo t\u00fa quien merece la adoraci\u00f3n de toda la creaci\u00f3n. No hay otro como t\u00fa, MarYah; nadie puede compararse con la grandeza y la gloria de ti, el Creador Eterno. Tu creaci\u00f3n habla de tu nombre y de tus obras; por esto, nadie puede, en verdad, &#8230;<\/p>\n","protected":false},"author":2,"featured_media":0,"parent":20,"menu_order":0,"comment_status":"closed","ping_status":"closed","template":"","meta":{"footnotes":""},"class_list":["post-114","page","type-page","status-publish"],"_links":{"self":[{"href":"https:\/\/covenantarian.org\/u\/wp-json\/wp\/v2\/pages\/114","targetHints":{"allow":["GET"]}}],"collection":[{"href":"https:\/\/covenantarian.org\/u\/wp-json\/wp\/v2\/pages"}],"about":[{"href":"https:\/\/covenantarian.org\/u\/wp-json\/wp\/v2\/types\/page"}],"author":[{"embeddable":true,"href":"https:\/\/covenantarian.org\/u\/wp-json\/wp\/v2\/users\/2"}],"replies":[{"embeddable":true,"href":"https:\/\/covenantarian.org\/u\/wp-json\/wp\/v2\/comments?post=114"}],"version-history":[{"count":1,"href":"https:\/\/covenantarian.org\/u\/wp-json\/wp\/v2\/pages\/114\/revisions"}],"predecessor-version":[{"id":115,"href":"https:\/\/covenantarian.org\/u\/wp-json\/wp\/v2\/pages\/114\/revisions\/115"}],"up":[{"embeddable":true,"href":"https:\/\/covenantarian.org\/u\/wp-json\/wp\/v2\/pages\/20"}],"wp:attachment":[{"href":"https:\/\/covenantarian.org\/u\/wp-json\/wp\/v2\/media?parent=114"}],"curies":[{"name":"wp","href":"https:\/\/api.w.org\/{rel}","templated":true}]}}